s of 1406?
2, 19, 37
List the prime factors of 537.
3, 179
List the prime factors of 2383.
2383
List the prime factors of 606.
2, 3, 101
List the prime factors of 21262.
2, 10631
What are the prime factors of 13469?
13469
List the prime factors of 625.
5
List the prime factors of 7791.
3, 7, 53
List the prime factors of 34743.
3, 37, 313
List the prime factors of 2528.
2, 79
What are the prime factors of 99132?
2, 3, 11, 751
What are the prime factors of 9202?
2, 43, 107
What are the prime factors of 391?
17, 23
List the prime factors of 22837.
41, 557
List the prime factors of 51308.
2, 101, 127
What are the prime factors of 466?
2, 233
What are the prime factors of 4549?
4549
What are the prime factors of 66?
2, 3, 11
List the prime factors of 15572.
2, 17, 229
What are the prime factors of 33258?
2, 3, 23, 241
List the prime factors of 1960.
2, 5, 7
List the prime factors of 1058.
2, 23
What are the prime factors of 694?
2, 347
List the prime factors of 127249.
127249
List the prime factors of 131619.
3, 73, 601
What are the prime factors of 3207?
3, 1069
What are the prime factors of 2868?
2, 3, 239
List the prime factors of 1628.
2, 11, 37
What are the prime factors of 186615?
3, 5, 11, 13, 29
What are the prime factors of 4308?
2, 3, 359
What are the prime factors of 47042?
2, 43, 547
List the prime factors of 90327.
3, 30109
List the prime factors of 116652.
2, 3, 9721
What are the prime factors of 3396?
2, 3, 283
What are the prime factors of 2193?
3, 17, 43
List the prime factors of 20160.
2, 3, 5, 7
List the prime factors of 528.
2, 3, 11
List the prime factors of 1144.
2, 11, 13
List the prime factors of 18825.
3, 5, 251
What are the prime factors of 90?
2, 3, 5
What are the prime factors of 3284?
2, 821
What are the prime factors of 21604?
2, 11, 491
List the prime factors of 7474.
2, 37, 101
List the prime factors of 67306.
2, 73, 461
List the prime factors of 83211.
3, 27737
List the prime factors of 7447.
11, 677
List the prime factors of 1545.
3, 5, 103
List the prime factors of 603.
3, 67
What are the prime factors of 32729?
23, 1423
What are the prime factors of 45369?
3, 71
List the prime factors of 1843.
19, 97
What are the prime factors of 6745?
5, 19, 71
List the prime factors of 14431.
14431
List the prime factors of 1318.
2, 659
What are the prime factors of 49170?
2, 3, 5, 11, 149
List the prime factors of 18835.
5, 3767
List the prime factors of 442.
2, 13, 17
List the prime factors of 21105.
3, 5, 7, 67
What are the prime factors of 235?
5, 47
What are the prime factors of 27523?
17, 1619
What are the prime factors of 842?
2, 421
List the prime factors of 10880.
2, 5, 17
List the prime factors of 1543.
1543
What are the prime factors of 29592?
2, 3, 137
List the prime factors of 51213.
3, 43, 397
What are the prime factors of 9885?
3, 5, 659
What are the prime factors of 272?
2, 17
What are the prime factors of 14585?
5, 2917
List the prime factors of 1867.
1867
List the prime factors of 4672.
2, 73
What are the prime factors of 8429?
8429
What are the prime factors of 14509?
11, 1319
What are the prime factors of 25046?
2, 7, 1789
List the prime factors of 3004.
2, 751
List the prime factors of 6402.
2, 3, 11, 97
List the prime factors of 3579.
3, 1193
List the prime factors of 10597.
10597
What are the prime factors of 5780?
2, 5, 17
List the prime factors of 4704.
2, 3, 7
List the prime factors of 3127.
53, 59
What are the prime factors of 61280?
2, 5, 383
What are the prime factors of 2700?
2, 3, 5
What are the prime factors of 1271?
31, 41
What are the prime factors of 13840?
2, 5, 173
What are the prime factors of 2055?
3, 5, 137
What are the prime factors of 699?
3, 233
List the prime factors of 6074.
2, 3037
List the prime factors of 689.
13, 53
What are the prime factors of 77299?
17, 4547
List the prime factors of 49677.
3, 29, 571
List the prime factors of 1816.
2, 227
What are the prime factors of 360?
2, 3, 5
List the prime factors of 2556.
2, 3, 71
What are the prime factors of 3188?
2, 797
List the prime factors of 142527.
3, 7, 11, 617
List the prime factors of 2989.
7, 61
List the prime factors of 2259.
3, 251
List the prime factors of 3875.
5, 31
What are the prime factors of 13221?
3, 13, 113
What are the prime factors of 2201?
31, 71
List the prime factors of 29043.
3, 7, 461
List the prime factors of 150.
2, 3, 5
What are the prime factors of 21356?
2, 19, 281
List the prime factors of 13026.
2, 3, 13, 167
What are the prime factors of 77249?
77249
List the prime factors of 887.
887
List the prime factors of 9986.
2, 4993
List the prime factors of 2736.
2, 3, 19
What are the prime factors of 7976?
2, 997
List the prime factors of 13304.
2, 1663
What are the prime factors of 253?
11, 23
List the prime factors of 542.
2, 271
List the prime factors of 13427.
29, 463
List the prime factors of 61.
61
List the prime factors of 4385.
5, 877
What are the prime factors of 2200?
2, 5, 11
List the prime factors of 187518.
2, 3, 31253
List the prime factors of 2075.
5, 83
What are the prime factors of 4197?
3, 1399
What are the prime factors of 369?
3, 41
What are the prime factors of 2198?
2, 7, 157
What are the prime factors of 45234?
2, 3, 7, 359
What are the prime factors of 1690?
2, 5, 13
List the prime factors of 4523.
4523
What are the prime factors of 87975?
3, 5, 17, 23
What are the prime factors of 6412?
2, 7, 229
List the prime factors of 1771.
7, 11, 23
What are the prime factors of 44811?
3, 13, 383
What are the prime factors of 1020?
2, 3, 5, 17
What are the prime factors of 71779?
179, 401
What are the prime factors of 115?
5, 23
What are the prime factors of 3222?
2, 3, 179
List the prime factors of 37031.
19, 1949
List the prime factors of 15040.
2, 5, 47
List the prime factors of 101886.
2, 3, 16981
List the prime factors of 6152.
2, 769
What are the prime factors of 2760?
2, 3, 5, 23
What are the prime factors of 299?
13, 23
What are the prime factors of 1400?
2, 5, 7
What are the prime factors of 5627?
17, 331
List the prime factors of 11772.
2, 3, 109
List the prime factors of 43.
43
List the prime factors of 5684.
2, 7, 29
List the prime factors of 1964.
2, 491
What are the prime factors of 19947?
3, 61, 109
What are the prime factors of 3419?
13, 263
List the prime factors of 4074.
2, 3, 7, 97
What are the prime factors of 12382?
2, 41, 151
What are the prime factors of 1557?
3, 173
List the prime factors of 3396.
2, 3, 283
What are the prime factors of 2674?
2, 7, 191
What are the prime factors of 364?
2, 7, 13
List the prime factors of 49486.
2, 109, 227
What are the prime factors of 19931?
19, 1049
What are the prime factors of 89603?
89603
What are the prime factors of 64707?
3, 21569
What are the prime factors of 11663?
107, 109
List the prime factors of 6637.
6637
List the prime factors of 95765.
5, 107, 179
List the prime factors of 12261.
3, 61, 67
List the prime factors of 94362.
2, 3, 15727
What are the prime factors of 1349?
19, 71
List the prime factors of 9539.
9539
What are the prime factors of 393?
3, 131
What are the prime factors of 16084?
2, 4021
List the prime factors of 52857.
3, 7, 839
List the prime factors of 50.
2, 5
List the prime factors of 4184.
2, 523
List the prime factors of 91591.
91591
List the prime factors of 6941.
11, 631
List the prime factors of 7469.
7, 11, 97
List the prime factors of 3226.
2, 1613
What are the prime factors of 6094?
2, 11, 277
What are the prime factors of 610?
2, 5, 61
What are the prime factors of 18036?
2, 3, 167
List the prime factors of 31995.
3, 5, 79
List the prime factors of 13171.
13171
List the prime factors of 748.
2, 11, 17
What are the prime factors of 271?
271
List the prime factors of 129340.
2, 5, 29, 223
What are the prime factors of 838?
2, 419
What are the prime factors of 2369?
23, 103
List the prime factors of 1410.
2, 3, 5, 47
List the prime factors of 725.
5, 29
List the prime factors of 290.
2, 5, 29
What are the prime factors of 90712?
2, 17, 23, 29
List the prime factors of 1119.
3, 373
List the prime factors of 295.
5, 59
List the prime factors of 55059.
3, 18353
List the prime factors of 11086.
2, 23, 241
List the prime factors of 12328.
2, 23, 67
What are the prime factors of 44824?
2, 13, 431
Wh